) = 348*u - 5117. Calculate the remainder when 3395 is divided by m(15).
99
Suppose a - 5*a - 3*g + 14 = 0, 4*a - 12 = -4*g. Suppose 5*u - 3*u + a*l = -1, -u = -4*l - 32. What is the remainder when (2 + 0)*(-33)/(-2) is divided by u?
9
Suppose 5*u - 1 = -51. Let g(h) = h**2 + 8*h - 21. Let z be g(u). Calculate the remainder when -2*(-74)/2 + z is divided by 11.
7
Suppose -x - 3*z = -1282, -5*x + 5*z = 10*z - 6370. Calculate the remainder when x is divided by 85.
80
Let i(u) = 12*u - 40. Calculate the remainder when 1*(-5 - -1) - (-45 - -2) is divided by i(4).
7
Let m(x) = -4*x + 54. Let t be m(7). Suppose -81*g = -83*g + t. What is the remainder when (198/24)/(1/4) is divided by g?
7
Suppose 29*s - 25*s + 4 = 0. Calculate the remainder when 205 is divided by (0/(-2) + s)*78/(-6).
10
Suppose 2*h + 1162 + 836 = 113*h. Calculate the remainder when (-1)/((-2)/34)*3 is divided by h.
15
Let n(g) = 7*g**2 + 4*g. Let k be n(4). Let p = k - 92. Let z = p + 14. Calculate the remainder when 146 is divided by z.
46
Suppose 47*n + 24586 - 22707 = 101801. What is the remainder when n is divided by 10?
6
Calculate the remainder when 182 is divided by 1 - (-1 - (7 + -9))*-18.
11
Suppose 0 = -3*h + p + 158, 41*h + 256 = 45*h - 7*p. Let k(v) = v**2 + v - 5. Let m be k(-6). Let a = 43 - m. What is the remainder when h is divided by a?
14
Let w be 364 - (22/(-5) - (-16)/40). What is the remainder when 88 is divided by (w/276)/(8/138)?
19
Let p(k) = -k**3 - 13*k**2 - 21*k + 71. Let a(i) = -28*i - 8. Calculate the remainder when a(-6) is divided by p(-4).
6
Let a(y) = y**3 + 2*y**2 - 6*y - 6. Let f be a(-3). Suppose -2*o = k - 1, 0 + 6 = -3*o - f*k. Calculate the remainder when 6*1/(3/11) is divided by o.
1
Suppose -52*m = -47*m - 210. What is the remainder when 145 is divided by (-9)/(-21) + 2124/m?
43
Let g be (-8 - 1 - -5) + (-29)/1. Let l = -19 - g. What is the remainder when 109 is divided by l?
11
Suppose 62*y - 9914 = -707 + 7285. What is the remainder when y is divided by 266?
0
Suppose 4*t + 2*v = 364, -4*t - v - 55 = -417. Calculate the remainder when t is divided by 62.
28
Let b = -36401 + 37558. What is the remainder when b is divided by 20?
17
Suppose 671 = -13*q + 18*q + 3*f, -2*q = 4*f - 246. Let m(n) = -34*n - 5. Let i be m(4). Let o = -94 - i. Calculate the remainder when q is divided by o.
45
Suppose j - 25348 = -5*t + 9142, -3*j = 3*t - 20706. What is the remainder when t is divided by 115?
112
Suppose -31*y + 2026 = -3895. What is the remainder when 480 is divided by y?
98
Let g(i) = -13*i - 102. What is the remainder when 952 is divided by g(-9)?
7
Calculate the remainder when -12*(0 - (-94)/(-6)) is divided by (2 + -8)*(6 + (7 - 66/4)).
20
Suppose 3*k - 52 = k. Suppose -30 = -0*f - 5*f. Suppose f*h - h = 5*i + 45, h + i = 19. Calculate the remainder when k is divided by h.
12
Let x(a) = -a**3 + 3*a**2 + 99*a - 263. Calculate the remainder when 6388 is divided by x(10).
16
Suppose -57*p = -23*p - 1904. Suppose -228 + 75 = -5*c - 3*v, 0 = -2*c + 4*v + p. Calculate the remainder when 40 is divided by c.
10
Suppose 63 = 3*t - 5*u, -5*t - 3*u + 89 = -6*u. What is the remainder when 398 is divided by t?
14
Suppose 0 = 6*h - 745 - 1607. Suppose -7*t = -0*t - h. What is the remainder when t is divided by -29*-3*3/9?
27
Let k(m) = -m**2 + 27*m + 83. What is the remainder when k(28) is divided by -2*(125/(-10) + 3)?
17
Suppose -1974 = -3*c - 6*v, -5*c + 3206 = -13*v + 9*v. Calculate the remainder when c is divided by 219.
208
Suppose 4*j + 4 + 0 = 0. Let h(a) = -129*a**3 - 3*a + 6*a**2 + 28 - 14 - 8*a**2 - 16. What is the remainder when h(j) is divided by 43?
42
Suppose -19451 = -36*j - 306*j - 25*j. What is the remainder when 818 is divided by j?
23
Suppose 8*z + 1092 + 404 = 0. Let f = z - -207. Calculate the remainder when 259 is divided by f.
19
Suppose -125 = -23*n + 105. Suppose 2975 = n*y + 15*y. What is the remainder when y is divided by 6?
5
Let p be 0 - ((-6 - -2) + 1). Suppose 63 = p*y - 129. What is the remainder when y is divided by 34?
30
Let i(y) = y**3 + 12*y**2 + 16*y - 44. Let u be i(-10). Let f = u + 117. Calculate the remainder when f is divided by 40.
33
Let z(u) = u**2 + 3*u + 1. Let v = -113 - -113. Calculate the remainder when (v + -4)/((-28)/119) is divided by z(-5).
6
Let o(b) = -b**3 + 5*b**2 + 26*b + 80. What is the remainder when 477 is divided by o(-4)?
117
Suppose -9*j + 13*j - 3*d = 171, 4*j + 2*d - 146 = 0. Suppose -25 = -16*m + j. Calculate the remainder when 121 is divided by m.
1
Let r(u) = 9*u + 78. Suppose 11*q - 22*q = -5247. Calculate the remainder when q is divided by r(-6).
21
Let h = -2944 - -3047. What is the remainder when 3841 is divided by h?
30
Let x(g) = -2*g - 9. Let i = -19 - -15. What is the remainder when 1 - i/(-2) - -65 is divided by x(-10)?
9
Let n = -253 + 270. Let j(o) = -o**3 + 6*o**2 + 5*o - 17. What is the remainder when n is divided by j(6)?
4
Let s be (2 - 10) + 24/(-4) + 11. Suppose 0 = -2*g - 3*g + 105. What is the remainder when 18/30 + s*(-314)/30 is divided by g?
11
Let v be (-1590)/33 + (-4)/(-22). Let n = -181 - -251. Let o = n + v. What is the remainder when o is divided by 6?
4
Let l(d) = d**2 - d. Suppose -z - 14*z - 195 = 0. Calculate the remainder when 249/12 + (65/(-20))/z is divided by l(-3).
9
Suppose 80*d - 3 = 79*d, 0 = -v + d + 34. Calculate the remainder when 1025 is divided by v.
26
Let z(c) = 5082*c**2 + 22*c - 4. Calculate the remainder when z(-1) is divided by 9.
7
Let u(w) = 2*w**2 + w - 2. Calculate the remainder when (37 + 1)*((-1125)/300)/((-60)/8) is divided by u(2).
3
Let u be (-4)/12*2*3. Let r be (-20)/(-6) - (u + 12/9). Suppose 16 = 4*i, -5*d - r*i - 49 = -10*d. Calculate the remainder when d is divided by 5.
3
Let c(b) = -b**3 + 10*b**2 - 14*b - 3. Suppose -3 = -2*w + 7. Calculate the remainder when (-1 - 97)/(w + -7) is divided by c(8).
10
Suppose 5*b - 4*i = 4*b + 84, -4*b = 5*i - 378. Calculate the remainder when b is divided by 13.
1
Suppose 100*z + 62*z = 112*z + 12050. Calculate the remainder when 1888 is divided by z.
201
Suppose 0 = -3*r - 2*r + 80. Let p = -14949 - -14971. What is the remainder when p is divided by r?
6
Suppose -46880 - 320968 = -72*f. What is the remainder when f is divided by 24?
21
Let i = 35 + -19. Suppose 10*z + 876 = i*z. What is the remainder when z is divided by 50?
46
Let s(p) = 11*p - 6. Let d be s(1). Suppose -d*g - 5*i = -2*g - 838, 4*g + 2*i = 1122. What is the remainder when g is divided by 26?
21
Suppose 4*z - 9*z - 25 = 0. Let p be (-3)/((15/(-63))/z). Let x = 76 + p. What is the remainder when 37 is divided by x?
11
Let c(r) = r**3 - 74*r**2 - 240*r + 114. Calculate the remainder when c(78) is divided by 47.
43
Suppose -2*i = -0*i - 18. Let d(r) = 4 - r**3 - 10*r**2 + 7 - i*r - 4 - 3*r. Calculate the remainder when d(-9) is divided by 12.
10
Suppose l - 73 = -249. Let s = 196 + l. Calculate the remainder when 68 is divided by s.
8
Let i = -27 + 49. Let k = i - -12. Let l = k - 17. What is the remainder when 98 is divided by l?
13
Let d be (-2 - 0)*(-255)/(-10). Let m = d + 90. What is the remainder when m is divided by ((-132)/165)/((-1)/10)?
7
Let d be -9*(0 - 1)*15/45. Calculate the remainder when 60 is divided by ((-651)/(-28))/(d/4).
29
Let r(q) = -7*q + 7. Let m be r(0). Suppose -m*y - 3*y = -610. What is the remainder when y is divided by 3?
1
Suppose 14*u + 13038 = 4*c, 0 = 2*c - 3*u - 4511 - 1980. Calculate the remainder when c is divided by 161.
15
Let b(x) = x**3 + 42*x**2 + 2*x + 161. Calculate the remainder when 1616 is divided by b(-42).
76
Let t be ((-11)/((-275)/(-70)))/(4/(-10)). Suppose 0 = 5*x, t*y + 4*x - 78 = 4*y. Calculate the remainder when y is divided by 14.
12
Let y(j) = j**3 - 5*j**2 - 26*j + 19. Let c be y(8). Suppose -5*b = c*w - 50, 5*b + 10 = 9*w - 6*w. Calculate the remainder when 28 is divided by w.
8
Let o = 1693 - 2650. Let z = -920 - o. Calculate the remainder when 106 is divided by z.
32
Suppose 5*w - 1525 = -0*u + 4*u, -5*u + 915 = 3*w. Let l = w - 148. Let n = l - 83. What is the remainder when n is divided by 26?
22
Suppose 0 = 24*z + 301*z - 526825. What is the remainder when z is divided by 56?
53
Let l(a) = -250*a + 22. Let o(b) = -375*b + 33. Let k(y) = -8*l(y) + 5*o(y)